(-3)*-1. Let c be 3/1*r + 31. Suppose -123 = -5*w - c. What is the remainder when w is divided by 5?
4
Suppose 2*z + 3*z = 210. Calculate the remainder when 11 is divided by (-12)/8*z/(-9).
4
Let q(v) = -9*v + 5. What is the remainder when 95 is divided by q(-3)?
31
Let t be 3*(-3)/(-3) + 5 + -5. Suppose 0 = t*j - 12 - 102. Calculate the remainder when 73 is divided by j.
35
Let g = 146 - 146. Let y(m) = 2*m**2 + 2*m + 1. Let b(l) = l**3 + 4*l**2 + l - 4. Calculate the remainder when b(-3) is divided by y(g).
0
Calculate the remainder when 223 is divided by 24/54 - (-3692)/117.
31
Let f be 6*(-3)/6*-1. Let q(o) = 49*o**2 - 8*o + 3. Let m be q(2). Suppose -f*x + 60 = -m. What is the remainder when x is divided by 17?
13
Suppose -y + 12 - 3 = 0. Let i be 10/35 + (-88)/14. Let g = i + y. Calculate the remainder when 4 is divided by g.
1
Suppose 11*y = 3*h + 10*y - 26, -2*h = y - 14. What is the remainder when h is divided by 3?
2
Suppose -y + 0*y = -2. Calculate the remainder when 1*(0 + y) - -29 is divided by (9 + (500/(-30) - -6))/((-10)/96).
15
Suppose 6 = 5*o - 9. Suppose 0 = -5*k - 0*v - o*v - 57, -3 = -k + 3*v. Calculate the remainder when 3/k*1*-66 is divided by 6.
4
Let n = -30 - -34. Calculate the remainder when (-4*n)/(11/(-22)) is divided by 11.
10
Let s(v) = -3 - 7*v**2 + 29*v**3 - 4*v - 30*v**3 - 1. What is the remainder when s(-7) is divided by 9?
6
Let x(c) = c**2 - 3*c - 6. Let k be x(6). Let a be (k/18)/((-4)/(-126)). Suppose 5*p = 19 + a. Calculate the remainder when p is divided by 3.
2
Suppose -11*d - 30 + 129 = 0. Calculate the remainder when 132 is divided by d.
6
Let b = -112 + 279. What is the remainder when b is divided by 25?
17
Suppose -8*u - 794 = 5*l - 10*l, 0 = -l + 4*u + 154. What is the remainder when l is divided by 48?
18
Let i(q) = 32*q**2 - 3*q + 1. Let t be i(1). Suppose x + j = 4*x - 22, -3*x - 3*j + t = 0. Calculate the remainder when 47 is divided by x.
7
Let q(w) = -4*w + 6. What is the remainder when 119 is divided by q(-1)?
9
What is the remainder when 71 - ((-8)/4 + -1) is divided by 15?
14
Suppose 3*s = -4*r + 391 - 22, -5*s = 3*r - 263. What is the remainder when r is divided by 44?
8
Let r be ((-3)/(-6) - 0)*10. Suppose j + j + 5*g = 13, r*g + 25 = 0. Calculate the remainder when j is divided by 11.
8
Let y be 1*(2 - (-3 + 3)). Suppose y*g + 17 = 51. Calculate the remainder when g is divided by 7.
3
What is the remainder when 156 is divided by 12/(-14)*-91 - (1 + 2)?
6
Let o(j) = -28*j + 270. What is the remainder when o(-6) is divided by 55?
53
Suppose 3*p = 4*h + 64, 0 = 4*p + 5*h - 0*h - 44. What is the remainder when p is divided by 3?
1
Suppose -14*p + 1912 + 18234 = 0. What is the remainder when p is divided by 72?
71
Suppose 3*i + 0 - 21 = 0. Suppose -35 = 5*j, -4*g + 311 = -j - 0*j. Calculate the remainder when g is divided by i.
6
Suppose -q - 5*x + 228 = 2*q, 4*q + 5*x - 304 = 0. Let z = 21 - 8. Calculate the remainder when q is divided by z.
11
Let i be 5/10 - 6/4. What is the remainder when ((-188)/(-6))/(15/9 + i) is divided by 16?
15
Let j = 6 + -3. Suppose -m = 18 + 1. Let b = m - -26. Calculate the remainder when b is divided by j.
1
Let q(x) = -x**2 + 6*x - 3. Let y be q(1). Suppose 2*r - 3*s + 6 = -3, r - s + y = 0. What is the remainder when 22 is divided by r?
1
Let i(z) = 421*z**2 + 12*z - 12. What is the remainder when i(1) is divided by 85?
81
Let g(q) = -q**2 - 13*q + 7. Suppose 11*c = -57 + 178. What is the remainder when g(-9) is divided by c?
10
Suppose -14*r = -10*r - 4, -4*u + 260 = -4*r. Calculate the remainder when 659 is divided by u.
65
Suppose -p - 10 + 10 = 0. Suppose p*n = 5*n - 375. Calculate the remainder when n is divided by 19.
18
Suppose 12 = -4*t, 208*b - 212*b = -5*t - 1311. Calculate the remainder when b is divided by 65.
64
Suppose 3*z - 4*i = -118, -3*z + 4*z = -i - 37. Let w = 37 - 71. Let s = w - z. Calculate the remainder when s is divided by 1.
0
Let q(m) = -m**2 + 5*m + 12. Let y = 32 + -26. Suppose 2*g + 5*v = 51, 3*g + 45 = 5*g - v. What is the remainder when g is divided by q(y)?
5
Let c(l) = l**2 - 45*l + 327. Calculate the remainder when 71 is divided by c(36).
2
Let n(f) = -f**3 - 11*f**2 - 2*f - 5. Let p be n(-11). Suppose -3*d + p = 2*k - 18, d - k - 15 = 0. Calculate the remainder when d is divided by 6.
1
Suppose -3*y + 2*x = -3347 + 62, 2206 = 2*y + 4*x. What is the remainder when y is divided by 55?
52
Suppose 0 = 4*k - 3*n - 203, 9*k = 7*k - 2*n + 84. What is the remainder when k is divided by 3?
2
What is the remainder when 1*(-4 + -1)*(-1159)/95 is divided by 21?
19
Suppose -a = 5*s - 14 - 7, 5*a = 5*s - 15. Calculate the remainder when 17 is divided by (s - -4) + -5 + 0.
2
Let d = 48 + -34. Calculate the remainder when d is divided by (6 - 1)*(-14)/(-14) + -1.
2
Let g(m) = 8*m - 3. Calculate the remainder when g(3) is divided by ((8/6)/(-2))/((-4)/66).
10
Let a = 245 - 172. Let c(y) = 44*y + 503. What is the remainder when a is divided by c(-11)?
16
Let k(g) be the second derivative of -g**5/20 + 3*g**4/4 + 3*g**3/2 + 15*g**2/2 - 25*g. Calculate the remainder when k(9) is divided by 20.
16
Suppose 0 = -4*r + 27 + 73. Calculate the remainder when r is divided by 13.
12
What is the remainder when 8 is divided by (-480)/200*10/(-4)?
2
Let d = 24 + 47. Let l = d + -16. Let r = 93 - 65. What is the remainder when l is divided by r?
27
Let w(s) = 3*s**2 + 13*s + 2. Let y(a) = -2*a**2 - 7*a - 1. Let t(b) = -3*w(b) - 5*y(b). What is the remainder when -1*142/(-8) - (-2)/40*5 is divided by t(6)?
7
Let y(t) = t**2 - 5*t + 5. Let j = -13 - -18. What is the remainder when y(j) is divided by ((-24)/30)/(1/5)*-1?
1
Suppose 2840 = r + 9*r. Calculate the remainder when r is divided by 36.
32
Let p = 228 + -29. Let z = -139 + p. Let i = 35 + -14. Calculate the remainder when z is divided by i.
18
Let g(m) = 6*m**3 + m**2 + m - 1. Suppose 12*o - 9*o - 81 = 0. What is the remainder when o is divided by g(1)?
6
Let g(s) = -s + 24. Let y(x) be the first derivative of -x**4/2 - 8*x**3/3 - 2*x**2 - x + 1. Calculate the remainder when y(-5) is divided by g(0).
21
Suppose -15*h - 28 = -22*h. Suppose -4*n - 3*l - 296 = -8*n, 0 = -h*n + 5*l + 296. Calculate the remainder when n is divided by 11.
8
Let y = 230 - 101. Calculate the remainder when 42 is divided by (-2)/4 - (y/(-6) - 1).
20
Let b be (-15 - -56)/((-2)/2). Let x = 72 + b. What is the remainder when 91 is divided by x?
29
Suppose -2*g + 3 = 9, -4*g + 40 = 4*v. Calculate the remainder when 2103 is divided by v.
10
Let d(q) = -12*q + 24. Let s(g) = -g + 1. Let h(l) = -d(l) + 24*s(l). Let o = -37 + 50. What is the remainder when h(-3) is divided by o?
10
Calculate the remainder when ((-48)/28 + 0)/(4/(-252)) is divided by 16.
12
Let h(j) = 37*j**2 - 7*j - 17. Calculate the remainder when h(3) is divided by 95.
10
Suppose -2 = -2*r + 176. Suppose 0 = -220*g + 223*g - 69. Let c = g + 7. Calculate the remainder when r is divided by c.
29
Let w(a) = a**2. Let j be w(-2). Let o = 42 + 0. Suppose -3*c + 30 = -2*h, -j*c + 0*h = -2*h - o. Calculate the remainder when 22 is divided by c.
10
Let l = -1040 + 1047. Calculate the remainder when 85 is divided by l.
1
Suppose 16 = 2*n + 6. Suppose -323 = -n*s + p + 540, 0 = -2*p + 4. What is the remainder when s is divided by 16?
13
Let t(n) = 2*n**2 - 23*n - 13. Let u(c) = -c + 1. Let l(h) = t(h) + 2*u(h). What is the remainder when 90 is divided by l(14)?
28
Suppose 0 = -18*f + 16*f + 2*d + 532, -2*d + 1302 = 5*f. Calculate the remainder when f is divided by 17.
7
Suppose -q + 2*n = 57, 2*q + 2*q - 4*n = -232. Let w = -55 - q. What is the remainder when 18 is divided by w?
2
Suppose -i = 1 - 26. Let p = 1 + -1. Suppose -2*s + 43 = 5*j, 5*j - 5*s = -p*j + 15. Calculate the remainder when i is divided by j.
4
What is the remainder when 690 is divided by (12*(-9)/(-324))/(1/189)?
60
Suppose 1984*o - 1965*o = 228. What is the remainder when 2/3 - (-206)/6 is divided by o?
11
Suppose -8*w + 3*w + 195 = 0. Let m(u) = u**2 + 20. Calculate the remainder when w is divided by m(0).
19
Let c(u) = 14*u + 780. Calculate the remainder when 657 is divided by c(-51).
63
Suppose -15 = -u - 2*u. Suppose u*h + 19 - 89 = 0. Suppose 2*n + 2*v - 116 = -0*n, 5*v + 250 = 5*n. What is t